2 - 6*p + 11. Calculate d(2).
-97
Let n(b) = b**3 - 22*b**2 + 259*b - 1477. Determine n(11).
41
Let n(w) = -173*w**2 + 32*w + 30. Calculate n(-1).
-175
Let r(v) = -4848*v - 58156. Calculate r(-12).
20
Let t(z) = -z**2 - 390*z + 5685. Determine t(14).
29
Let g(h) = -h**3 + 28*h**2 - 86*h - 203. Calculate g(24).
37
Let v(c) = 2*c**2 + 122*c + 1854. Determine v(-32).
-2
Let o(c) = -c**3 - 2*c**2 + 11*c - 78. Give o(-6).
0
Let s(k) = k**3 - 34*k**2 + 150*k - 75. Give s(29).
70
Let m(g) = -346*g**2 - 2077*g - 6. Determine m(-6).
0
Let q(b) = b**3 + 17*b**2 + 1120*b + 16376. What is q(-15)?
26
Let x(f) = f**3 - 21*f**2 - 21*f + 100. Calculate x(22).
122
Let i(z) = 5*z**2 - 26*z + 206. Give i(7).
269
Let s(u) = u**2 + 81*u - 2769. Calculate s(-107).
13
Let w(u) = -34*u - 272. What is w(-9)?
34
Let i(q) = -7*q**2 + 9*q - 61. Determine i(0).
-61
Let c(o) = -3*o**2 - 84*o - 425. Determine c(-6).
-29
Let w(k) = k**2 - 19*k - 176. Calculate w(-7).
6
Let j(w) = -16*w**3 - 9*w**2 - 4*w - 18. Determine j(-2).
82
Let b(h) = h**3 - 41*h**2 - 190*h + 451. Give b(45).
1
Let b(k) = -k**2 - 748*k + 2241. Determine b(3).
-12
Let b(a) = -2641*a + 15828. What is b(6)?
-18
Let l(f) = 64*f - 464. Calculate l(7).
-16
Let z(q) = 2*q**2 + 29*q - 66. Determine z(-21).
207
Let n(p) = 2*p**2 + 20*p + 12. Give n(-4).
-36
Let t(w) = -11*w - 44. Calculate t(-6).
22
Let s(k) = 2*k**3 + 129*k**2 + 188*k - 64. Give s(-63).
-1
Let n(r) = 33*r - 279. What is n(9)?
18
Let z(x) = -6*x**2 + 10*x + 50. Calculate z(5).
-50
Let c(b) = 589*b**3 - 8*b**2 - 2*b + 5. Calculate c(-1).
-590
Let q(h) = 2*h**2 - 32*h - 429. Give q(-9).
21
Let w(n) = 21*n + 398. Determine w(-14).
104
Let t(b) = -3*b**3 - 6*b**2 - 16*b - 16. What is t(-3)?
59
Let l(w) = -995*w - 4961. Determine l(-5).
14
Let t(y) = -y**2 + 63*y + 139. Calculate t(66).
-59
Let t(r) = 7*r**2 - 68*r + 22. Calculate t(9).
-23
Let u(d) = d**3 + 12*d**2 - 103*d + 21. Determine u(-17).
327
Let m(o) = -o**2 + 2532*o + 25423. Give m(-10).
3
Let n(t) = -7*t**3 + 6*t**2 + 16*t - 46. Give n(2).
-46
Let j(k) = -2*k**3 - 13*k**2 + 20*k + 8. Give j(-8).
40
Let i(j) = -172*j + 1331. Calculate i(8).
-45
Let l(z) = 6*z**2 - 176*z + 1231. What is l(17)?
-27
Let k(t) = t**2 + 33*t - 76. What is k(-27)?
-238
Let c(p) = p**3 - 12*p**2 - 4*p + 78. Determine c(12).
30
Let o(v) = -651*v - 22791. Determine o(-35).
-6
Let s(i) = -3*i**3 + 9*i**2 - 17*i + 62. Calculate s(6).
-364
Let i(d) = 76*d + 611. Calculate i(-8).
3
Let f(i) = i**3 - 7*i**2 - 208*i + 1622. Give f(8).
22
Let d(b) = 107*b + 8654. Calculate d(-81).
-13
Let b(g) = 5*g**2 + 785*g - 4842. Calculate b(-163).
48
Let w(v) = -5*v**2 - 98*v - 528. Determine w(-10).
-48
Let p(w) = -w**2 + 128*w - 727. Determine p(6).
5
Let k(v) = -v**3 + 12*v**2 - 5*v - 53. Calculate k(10).
97
Let w(a) = -124*a + 2106. What is w(17)?
-2
Let i(y) = -2*y**2 - 43*y + 368. Determine i(7).
-31
Let r(z) = -8*z**2 - 48*z + 63. Calculate r(-6).
63
Let c(j) = j**3 - 46*j**2 + 197*j + 78. Give c(41).
-250
Let h(m) = 851*m - 10161. What is h(12)?
51
Let c(r) = -3*r**3 + 26*r**2 + 12*r - 31. Give c(9).
-4
Let y(s) = 96*s + 3555. Calculate y(-38).
-93
Let d(z) = 99*z + 791. Determine d(-7).
98
Let t(w) = 539*w - 574. Determine t(1).
-35
Let w(k) = -40*k + 172. Determine w(5).
-28
Let w(m) = 7*m + 34. Determine w(-9).
-29
Let i(r) = -r**3 + 6*r**2 + 1324*r - 3980. Calculate i(3).
19
Let k(u) = -3*u**3 + 2*u**2 + 13*u + 65. Give k(5).
-195
Let a(i) = -1635*i - 35935. Give a(-22).
35
Let f(u) = -11*u**2 + 209*u - 982. Give f(8).
-14
Let q(p) = 3*p**3 + 53*p**2 + 38*p + 78. Determine q(-17).
10
Let y(n) = -112*n - 10976. Calculate y(-98).
0
Let z(j) = -4*j**2 - 22*j - 12. Calculate z(-7).
-54
Let u(h) = -3683*h - 18414. Calculate u(-5).
1
Let t(k) = k**2 - 114*k + 121. Determine t(1).
8
Let l(k) = -k**2 - 28*k - 216. What is l(-25)?
-141
Let w(d) = -2*d**3 + 8*d**2 + 3*d + 34. Calculate w(5).
-1
Let f(g) = g**3 - 13*g**2 - 44*g + 53. What is f(16)?
117
Let g(j) = -j**3 - 143*j**2 - 3304*j + 225. Determine g(-114).
-3
Let j(m) = -2*m**3 + 10*m**2 - m + 36. Give j(6).
-42
Let r(x) = x**3 - 7*x**2 + 26*x - 41. What is r(4)?
15
Let m(n) = -24*n**3 + 6*n**2 - 45*n - 2. Determine m(3).
-731
Let r(n) = -225*n + 78750. Give r(350).
0
Let h(p) = 1145*p - 7942. Calculate h(7).
73
Let s(j) = 28*j - 22. Calculate s(1).
6
Let i(o) = 7*o - 51. What is i(2)?
-37
Let m(p) = 3*p**2 + 2*p - 140. Give m(-8).
36
Let k(y) = 88*y - 645. What is k(7)?
-29
Let b(x) = -23*x + 472. Give b(33).
-287
Let k(d) = d**2 + 63*d + 830. Determine k(-21).
-52
Let i(u) = u**3 + 31*u**2 + 58*u - 122. Give i(-29).
-122
Let u(r) = -8*r**2 + 219*r - 1459. Determine u(11).
-18
Let q(x) = -17*x**2 - 37. What is q(0)?
-37
Let b(k) = k**2 - 142*k - 450. Determine b(-3).
-15
Let b(w) = 3*w**2 - 20*w - 50. Give b(8).
-18
Let p(z) = z**3 + 35*z**2 + 65*z - 80. What is p(-33)?
-47
Let s(r) = 62*r**2 + 6*r - 3. Determine s(1).
65
Let z(i) = -892*i - 4531. Determine z(-5).
-71
Let f(d) = -4*d**3 + 129*d**2 + 94*d + 165. Calculate f(33).
0
Let y(k) = -399*k + 43. What is y(-3)?
1240
Let n(w) = 67*w + 532. Calculate n(-9).
-71
Let b(t) = 43*t**2 - 679*t + 21. Determine b(16).
165
Let d(j) = 4*j**3 - 167*j**2 - 43*j + 101. Give d(42).
59
Let y(u) = u**2 + 223*u + 7031. Give y(-38).
1
Let b(u) = 31*u + 77. Calculate b(-5).
-78
Let d(i) = -4*i**2 + 70*i - 7. Give d(21).
-301
Let d(m) = -2440*m + 12153. Calculate d(5).
-47
Let r(w) = 7*w**2 + 210*w - 5. Calculate r(-30).
-5
Let v(n) = -9*n - 56. Give v(12).
-164
Let p(m) = 12*m + 517. Determine p(-41).
25
Let g(x) = x**3 - 18*x**2 + 68*x + 13. Give g(7).
-50
Let f(p) = 320*p**2 - 918*p - 9. Calculate f(3).
117
Let q(l) = -67*l - 2. Calculate q(-2).
132
Let q(s) = -4584*s - 4577. Calculate q(-1).
7
Let r(v) = v**2 - 56*v + 435. Give r(9).
12
Let z(k) = 25*k**2 - 397*k - 50. Determine z(16).
-2
Let l(s) = -2*s**2 - 52*s + 3185. What is l(29)?
-5
Let u(f) = 2*f**3 - 87*f**2 - 140*f + 190. What is u(45)?
-35
Let r(k) = 4*k**2 + 8*k - 48. Calculate r(-4).
-16
Let d(x) = -23*x - 670. Determine d(-36).
158
Let s(z) = -z**3 - 24*z**2 - 31*z - 186. What is s(-23)?
-2
Let d(h) = -3*h**2 - 80*h - 479. What is d(-9)?
-2
Let l(d) = d**2 - 20*d + 115. Determine l(22).
159
Let b(i) = -29*i - 645. Determine b(-21).
-36
Let f(m) = -m**2 + 2*m + 195. What is f(-10)?
75
Let c(w) = w**3 + 17*w**2 - 58*w + 4. What is c(-19)?
384
Let y(x) = -1186*x - 2445. Calculate y(-2).
-73
Let y(i) = 96*i - 584. Determine y(6).
-8
Let i(q) = -279*q - 232. Give i(-1).
47
Let s(x) = 148*x + 449. Give s(-3).
5
Let y(o) = -13*o**2 - 80*o + 138. Calculate y(-9).
-195
Let m(g) = g**3 - 22*g**2 - 15*g + 48. What is m(23)?
232
Let r(m) = -m**3 - 43*m**2 - 106*m + 573. Determine r(-40).
13
Let o(n) = 7*n**2 - 97*n - 8. Determine o(14).
6
Let q(t) = -t**3 - 3*t**2 + 1119*t + 1123. Give q(-1).
2
Let d(l) = 5*l**2 + 28*l - 56. Give d(2).
20
Let d(y) = 6*y**2 - 55*y - 41. Determine d(10).
9
Let z(s) = -99*s - 29. Determine z(-2).
169
Let j(i) = -7*i**2 + 236*i + 1607. Determine j(-6).
-61
Let g(p) = -226*p - 635. Give g(-3).
43
Let n(x) = -10*x**2 - 180*x - 163. Calculate n(-17).
7
Let i(l) = 3*l**2 - 104*l + 85. What is i(39)?
592
Let d(k) = 91*k + 5482. Calculate d(-61).
-69
Let w(b) = b**3 - 178*b**2 + 42*b - 7489. Give w(178).
-13
Let g(b) = 55*b - 6722. What is g(122)?
-12
Let h(b) = -3*b**2 + 282*b + 2443. What is h(102)?
-5
Let c(o) = 506*o + 4230. Calculate c(-8).
182
Let w(r) = -8*r**2 + 126*r - 91. Calculate w(15).
-1
Let d(h) = h**2 - 8614*h - 51717. Calculate d(-6).
3
Let r(h) = -2454*h - 90779. What is r(-37)?
19
Let z(t) = 5111*t - 597989. Give z(117).
-2
Let x(m) = m**3 + 23*m**2 - 167*m + 124. Give x(-29).
-79
Let v(k) = 133*k**2 - 2926*k - 45. Determine v(22).
-45
Let m(d) = 31*d - 425. Determine m(18).
133
Let a(g) = -59*g + 7268. Determine a(123).
11
Let y(d) = d**3 + 3*d**2 + 18*d - 51. What is y(4)?
133
Let n(j) = -76*j - 4284. Determine n(-58).
124
Let a(i) = 88*i + 7903. Determine a(-90).
-17
Let n(f) = 6*f**2 + 73*f - 89. Determine n(-14).
65
Let i(a) = -a**3 - 3*a**2 + 9*a + 9. Give i(5).
-146
Let f(m) = 375*m - 2590. Calculate f(7).
35
Let i(s) = -134*s - 204. Determine i(-2).
64
Let h(f) = 2*f**2 + 61*f - 1607. Determine h(17).
8
Let u(n) = 19*n**2 + 98*